 -2*y + 35 = -j. Let c(d) = d**3 - 19*d**2 + d - 18. Calculate c(y).
1
Suppose -3*w = w - 2*f - 46, -47 = -4*w + 3*f. Suppose -w*q - 32 = -3*q. Let y(s) = s**3 + 5*s**2 + 3*s - 1. What is y(q)?
3
Let y(q) = -15*q**3 - q**2 + q - 1. Suppose t + 8 = 2*l - 6, 70 = -5*t - 2*l. Let r(n) = -n**2 - 15*n - 13. Let j be r(t). Give y(j).
-16
Let p(t) be the first derivative of 23*t**4/24 - t**3/6 - 4*t**2 + 26. Let z(g) be the second derivative of p(g). What is z(-1)?
-24
Let j(i) = -i**2 - 12*i + 7. Let z be j(-13). Let o(b) = -b**2 - 5*b + 6. What is o(z)?
0
Let m(o) = 5*o. Let g be (-112)/(-12) + -4 - 14/(-21). Give m(g).
30
Let f(y) = y + 2. Let u(v) be the third derivative of -v**4/24 - 5*v**3/3 + 29*v**2. Let t be u(-15). Give f(t).
7
Let o(w) = -w**3 + 4*w**2 + 4*w - 4. Let r be 0 - (-2 + -1 - -3). Suppose 5*y - f = -85, -f - 27 = 2*y - r*f. Let i be y/(-56) - 33/(-7). Calculate o(i).
-9
Let c(s) be the third derivative of -s**4/24 + s**3/2 - 3*s**2 - 23*s. Give c(-5).
8
Let m(b) = b**3 + 3*b**2 - 5*b + 1. Suppose 52 = 7*n - 3*n. Let t(s) = s**2 - 5*s - 7. Let u be t(-3). Suppose -u = q - n. Determine m(q).
5
Suppose -4*o + 2*o + 6 = 0, -12 = -2*j - 4*o. Let g(z) = z - 4. What is g(j)?
-4
Suppose 0 = -6*t + t. Let q(m) be the third derivative of -31*m**2 + 1/24*m**4 + 0*m + 1/60*m**5 - 2/3*m**3 + 0. Give q(t).
-4
Let h(u) = 9*u**2 - 12*u + 1 - 19*u**2 + 11*u**2. What is h(13)?
14
Let k(z) = -8*z + 2. Suppose 4*c + 3*y + 8 = 0, 0*c + y = -4*c. Give k(c).
-6
Let q(i) = 2*i - 15. Let m(x) = -x**3 - 13*x**2 - 10*x + 18. Let a be m(-12). Let r(y) = -4*y + 29. Let u(c) = a*r(c) - 11*q(c). Calculate u(6).
3
Let v(m) be the third derivative of m**6/120 + m**5/10 + m**4/24 + 2*m**3/3 - m**2. Suppose -2*k = 2 + 14. Let h be (7/((-14)/(-3)))/(2/k). Calculate v(h).
-2
Let j(n) be the second derivative of -n**4/12 - n**3/3 - n**2/2 + n - 34. Determine j(-1).
0
Let d(z) = -3*z + 6. Let c = -83 - -90. What is d(c)?
-15
Let m = 19 + -23. Let a(v) = v - 2. Let w be a(4). Let j = m + w. Let t(g) = -g**2 + g + 1. Give t(j).
-5
Suppose 2*f - s - 4 = 0, 5*s - 2 = 2*f - 6. Let y(j) = j**2 + j + 3*j + f + 3*j - 11*j. What is y(4)?
2
Let p(i) be the first derivative of -8 + 4*i + 9 + 15 - 3*i + i**2. What is p(2)?
5
Let u(y) = y + 4. Let l(v) = v**3 + v**2 - 2*v - 3. Let w be l(-2). What is u(w)?
1
Let d(s) = 5 + 13*s - 4 + 2 + 5 - 5*s. Calculate d(-6).
-40
Suppose -2*n + s - 79 = n, 3*s = 2*n + 41. Let h = n - -20. Let w(k) = -k**2 - 6*k + 9. Calculate w(h).
-7
Let q(u) be the first derivative of -u**4/2 - u**3/3 - u**2 + 3*u + 99. What is q(2)?
-21
Let t be -1*(-7 + 6)*(1 + 0). Let j(c) = -c**3 - 7*c**2 + 5*c + 1. Let a be j(t). Let x(f) = f**3 + 2*f + 2. Calculate x(a).
-10
Suppose 11 - 59 = -12*y. Let c(i) be the second derivative of 0 + 0*i**2 + 0*i**3 - 1/12*i**y + 6*i. Give c(0).
0
Suppose -3*g = 4*k + 16, 3*g + 3*k + 34 = -2*g. Let a(x) = x**3 + 8*x**2 - x - 8. Determine a(g).
0
Let y(i) = -77 + 27 - i + 30 + 27. Calculate y(-8).
15
Let a = 32 - 18. Let g = -4 + a. Let o(b) = g*b + 5*b**2 + 6*b - b**3 - 10*b. Give o(6).
0
Let f(c) be the third derivative of c**5/60 - 5*c**4/12 + c**3/2 + 3*c**2 - 6*c. Give f(9).
-6
Let k(v) = 6*v - 178. Let h be k(32). Let m(j) = -j**2 + 17*j - 28. What is m(h)?
14
Let n(y) = -y**3 + 7*y + 3. Let j be n(-4). Suppose 5*z - j = -4. Let k(c) = -c**3 + 8*c**2 - 9*c. Give k(z).
-14
Let x(f) = -f**2 + 1. Let w(z) = -z**2 - z + 33. Let s(t) = w(t) + 2*x(t). Let d(j) be the first derivative of s(j). Give d(-1).
5
Let o = 38 + -30. Let z(h) = h**2 + o - 7 - 1. Calculate z(0).
0
Let a(t) be the second derivative of -5*t**2 + 1/6*t**3 + 0 + 15*t. Give a(6).
-4
Let v(y) = y**3 - 3*y**2 - 6*y - 7. Let u = 36 - 30. Suppose 3*q - u = 0, 4*o - 6*o - 3*q = -16. Determine v(o).
13
Let b(r) = -24*r**3 - 4*r**2 + 16*r**3 + 7*r**3 - 6. What is b(-4)?
-6
Let t(n) = -20*n - 23. Let m(y) = -37*y - 46. Let v(d) = 6*m(d) - 11*t(d). Give v(-11).
-1
Let u = 21 - 18. Let v(b) = 7*b**2 + 13 + b**u - 14 + 2*b + 2*b + 2*b. Determine v(-6).
-1
Let q(v) be the third derivative of v**5/15 - 5*v**4/24 + 2*v**3/3 + v**2 - 109. Give q(2).
10
Suppose k + 4 = 0, -3*k - 32 = 5*x - 110. Let g(m) = -1 + 8 + 2 - 6*m**2. Let h(b) = -b**2 + 1. Let q(y) = x*h(y) - 2*g(y). Calculate q(-1).
-6
Suppose 42 = 4*i + 30. Let b(f) = 43 + 40 - 82 + i*f. Determine b(-7).
-20
Let v = -14 - -8. Let i be 10/15 + (-3)/(-9). Let s(g) = -1 - 6 + 5 + 5*g**2 - 5*g + g**3 + i. Calculate s(v).
-7
Let y(i) = -3*i - 10. Suppose -3*d + 74 = -5*q, -5*d - q = -0*d - 86. Suppose 10 + d = -4*x. Give y(x).
11
Let d(s) = 6*s - 11. Let v(q) be the first derivative of -5*q**2/2 + 10*q + 2. Let z(p) = 6*d(p) + 7*v(p). Determine z(-5).
-1
Let s(r) = 3*r - 27. Let a be 1/(-1)*-4*2. Let g be s(a). Let k(u) = u**2 + 6*u. Let i(n) = n**2 + 7*n. Let q(b) = -2*i(b) + 3*k(b). Calculate q(g).
-3
Let o(q) be the second derivative of q**6/360 + q**5/120 + q**4/6 + 5*q**3/6 - 4*q. Let r(x) be the second derivative of o(x). Determine r(-3).
10
Let z be (7/5)/(1/(-5)). Let b be ((-4)/z)/((10/(-35))/(-2)). Let d(a) = 4*a - 6. Calculate d(b).
10
Let n(r) be the second derivative of -r**5/20 - r**4/12 + r**2/2 + r. Suppose 0 = l, -2*l - 3*l = 5*k. Let b be n(k). Let x(m) = 7*m**3 + 2*m - 1. Give x(b).
8
Suppose 0 = -7*q + 12*q - 40. Let d(y) = 1 + 7*y**3 - q*y**3 + 6 + 7*y**2 + 7*y. What is d(8)?
-1
Let c(j) = -23*j + 13*j + 2 + 13*j + 6 + 1. Suppose -36 = 2*h + 4*h. Calculate c(h).
-9
Let a(q) = 21*q - 1 - 19*q - 4. What is a(5)?
5
Let m(q) = -876 - q**2 + 10*q + 2*q + 907. Calculate m(14).
3
Let z(s) = -s**3 - 7*s**2 + s + 10. Suppose -7*v = -4*v + b + 16, -b = -3*v - 26. Give z(v).
3
Let y(l) = -l + 11. Suppose -4*f + 48 = 4*f. Determine y(f).
5
Suppose -3*x + 4*f = -4*x + 42, x - 3*f - 14 = 0. Let d(m) = m**2 + x - 14 - 14. Give d(0).
-2
Let k(u) = 2*u + 2. Let z(t) = -t**2 + 51*t + 337. Let v be z(-6). Determine k(v).
-8
Let g(j) = -j**2 + 6*j. Let h(q) = 12*q + 89. Let f be h(-7). Calculate g(f).
5
Let i(v) = 6*v**2 + v. Suppose -m + 0*m = -11. Let c = -10 + m. Suppose 2*u + 1 = -c. Calculate i(u).
5
Let j(z) = -8*z**2 - 6 - 1 + 26684*z**3 - 26685*z**3. Calculate j(-8).
-7
Suppose -10*k - 140 = -3*k. Let b = 25 + k. Let y(m) = 3*m - 7. What is y(b)?
8
Let i(r) = 1. Let s(k) be the first derivative of k**2 + 4*k - 1. Let b(w) = -3*i(w) + s(w). Determine b(1).
3
Let o(h) = -h**2 - 2*h + 1. Let d = -211 + 209. What is o(d)?
1
Let d(j) be the third derivative of j**4/24 - j**2. Suppose 1 = 6*x - 7*x, -4*w - 3*x = 7. Calculate d(w).
-1
Let n(d) = -20*d + 1. Let o(y) = 9*y. Let b(x) = -4*n(x) - 9*o(x). Calculate b(-5).
1
Let c(w) = -2*w**3 - 4*w**2 - 7*w - 9. Let h be c(-2). Let d(l) = -l**2 + 6*l + 6. Calculate d(h).
11
Let p be 1/2 - 9/(-2). Let z(f) = -f**2 + f. Let o(w) = -w**3 + 8*w**2 + w - 5. Let y(d) = o(d) + 3*z(d). Give y(p).
15
Let b(v) be the second derivative of -v + 0 + 1/6*v**3 - v**2. Let z = -197 - -201. Determine b(z).
2
Suppose z - 18 = 5*g, 4*z - 2*g = -0*g + 18. Let u(a) = -11*a + z*a + 2*a - 3*a - 4 + a**2. What is u(9)?
-4
Let g(x) = -2*x**2 + 23*x - 9. Let i(w) = w**2 - 12*w + 5. Let f(r) = 6*g(r) + 11*i(r). Give f(8).
-15
Let h(u) = u**2 - 3*u - 1. Suppose 4*x + 18 = -2*a - 0*a, a = -4*x - 19. Let t be a/(-7) + 86/14. Suppose t*w = w + 25. Calculate h(w).
9
Let z(g) = g**2 - 2*g - 4. Let m(u) = u**3 + 8*u**2 + 14*u - 5. Let d be m(-5). Give z(d).
-4
Let o(x) be the first derivative of x**4/4 + x + 1051. Let b = 11 - 15. Let s be (-2)/b - (-12)/(-8). Calculate o(s).
0
Let q = 13 - 7. Suppose p = -2*a + 5, -16 = -5*a - 2*p - 3. Let f(i) = -2*i - 1 - 8*i**a - 5*i + 7*i**3 + 7*i**2. Calculate f(q).
-7
Let q(y) = -y**3 - 3*y**2 + 2*y + 7. Let v be 2 + (14/(-4))/(12/24). What is q(v)?
47
Let x(c) = 3*c**2 - 11*c + 5. Let l(a) = -16*a**2 + 56*a - 24. Let n(u) = -2*l(u) - 11*x(u). Let i(o) = -81*o + 3410. Let g be i(42). What is n(g)?
1
Let m(q) = 7*q**2 - 11. Let g(l) = 3*l**2 - 5. Let s(d) = 13*g(d) - 6*m(d). Suppose -16 = 2*r - 4*i, -4*r + 4*i - 3*i - 32 = 0. Let x = r - -9. Determine s(x).
-2
Let d be 0/(0 + (5 - 4)). Let g(c) = -4*c + d*c - 1 - 7*c + 6*c. What is g(-1)?
4
Let h(p) be the first derivative of p**2/2 + 3*p - 127. Give h(0).
3
Let k(h) = h + 5. Let q(u) = -u + 1. Suppose -5*s - 9 - 2